t is s(f)?
-8
Suppose z = 2*o - 5*o - 11, 3*o = -15. Let n(i) = -i**2 + 7*i - 5. Calculate n(z).
7
Let j(i) = -3*i**3 - i**2 - 3. Let d(u) = -u**3 - 1. Let l(g) = -2*d(g) + j(g). Calculate l(0).
-1
Let w(v) = -v**3 + 7*v**2 - 6*v - 6. Suppose -2*j - 3*o = -75, 48 - 133 = -2*j - 5*o. Suppose -2*f - 3*f = -j. Give w(f).
-6
Let i(g) = -g**2 + 3*g - 2. Let u = -1 + 6. Let o = 8 - u. Suppose o*s - 4 = s. What is i(s)?
0
Let q(h) be the second derivative of h**4/24 - 5*h**2 - 4*h. Let s(i) be the first derivative of q(i). Give s(2).
2
Let s(t) = -t**2 - 8*t - 7. Suppose -61*q = -66*q - 35. Give s(q).
0
Let v(h) = h + 1. Let w(m) = 2*m - 2. Let p(j) = 4*v(j) - w(j). Determine p(-5).
-4
Suppose 3 = 4*c - 9. Let l(w) = 4 - 4 + 1 - w. Let n be l(c). Let r(i) = i**2 + 2. Determine r(n).
6
Let b(w) be the first derivative of w**3/3 + w**2 - 3*w - 29. Let q(f) = f**2 - 7*f + 6. Let d be q(5). What is b(d)?
5
Let z(m) = -7 - 2*m**3 - 2*m**2 + 14 + m**3 - 9. What is z(-2)?
-2
Let w be 1*15 + 0 + -1. Suppose -6*d + 2*d + 16 = 4*t, -5*d + t = -w. Let f(m) = -3*m**2 + 3*m**2 - 4*m**2 + m**d + m**2 + 1. Calculate f(3).
1
Let z = 18 - 10. Let h(k) = -k**3 - k**3 - 7 + 7*k**2 + 3*k + k**3 - z*k. Determine h(6).
-1
Let v be 4 + (1 - 0/4). Suppose v*o - 12 = -2. Let j(n) be the first derivative of -n**3/3 + n**2/2 - n + 1. Give j(o).
-3
Let b(c) be the third derivative of 1/2*c**3 - 1/60*c**5 + 0 + 0*c - 1/6*c**4 - c**2. Give b(-3).
6
Let q(b) = -2 + 3 + 2*b**2 - 6*b + 2. Give q(4).
11
Suppose 2*k + 2 = -2*j, 5*k = j + 3 + 4. Let i(p) = p**3 + p**2 - 1. Let z be i(j). Let x(d) = -d**3 - 6*d**2 - 4*d + 5. Give x(z).
0
Let f = -1 + 0. Let u(m) = 2*m**3 + 2*m**2 - 2*m + 3. Let w = -9 - -6. Let h(a) = -a**3 - a**2 + 2*a - 2. Let s(l) = w*u(l) - 4*h(l). What is s(f)?
1
Let w(p) be the second derivative of -p**3/6 - 3*p**2/2 + 24*p. Determine w(-2).
-1
Let o(j) = j**3 + 7*j**2 + 10*j + 9. Let a(i) = i**2 + 22*i + 15. Let b be a(-21). What is o(b)?
-15
Let n(l) = -l**3 + 5*l**2 + 5*l + 2. Suppose -g - 5 = 0, -i = i + 3*g + 5. Determine n(i).
27
Let a(d) be the third derivative of -d**6/120 + d**5/60 - d**4/24 + 5*d**3/3 - 10*d**2 - 3. Let o = 1 - 1. What is a(o)?
10
Suppose -4*v = 20, 4*q + 2*v + 30 = -q. Let p(s) be the second derivative of -s**4/12 - 2*s**3/3 - s**2/2 + 2*s. Determine p(q).
-1
Let j(p) be the first derivative of p**4/4 - p**3 + p**2/2 - p + 2. Let g(x) = 4*x**3 - 3*x**3 + 6 - 3 - x. Let b be g(0). Calculate j(b).
2
Let y(d) = -d**3 - 5*d**2 - 2*d - 5. Let u be y(-5). Suppose -5*k + 20 = -0*v + 5*v, -k = u*v - 20. Suppose 2*n = v + 4. Let z(x) = -2*x + 2. What is z(n)?
-6
Let d(j) = 2 - 2*j**2 + 5*j - j - 3 + j**2. Determine d(4).
-1
Let p(k) = 7*k. Suppose 5*h - 5*d = 63 + 52, -h - 4*d + 3 = 0. Let v = -18 + h. Determine p(v).
7
Let j(g) = g**2 + 9*g - 2. Let y be 12/16*(-14 + 1 + 1). Give j(y).
-2
Let g(q) be the first derivative of -q**5/20 + q**3/6 + q**2 - 3*q - 5. Let r(t) be the first derivative of g(t). Give r(2).
-4
Let j(g) = -g - 3. Let w be j(-3). Let u = 0 - w. Let a(c) = c**3 + c**2 - 4. Give a(u).
-4
Suppose 5*q - 2*j - 8 = -3*j, 0 = 5*q - 5*j - 20. Let f(h) = h**3 - 2*h. Determine f(q).
4
Let u(z) = -z**3 - 3*z**2 + 3*z + 3. Let d(x) = -x - 1. Let h be d(-3). Let y = -6 + h. Give u(y).
7
Let j be (-5)/(-15)*(-33)/(-1). Suppose -5*m - 4*a - 29 = 0, -2*m + a - j = 2*a. Let c(i) be the first derivative of -i**2 - 7*i + 1. Calculate c(m).
3
Let g(i) = -10*i + 30. Let o(t) = -1. Let r(v) = -g(v) - 30*o(v). Give r(1).
10
Let j(b) be the first derivative of b**5/20 - 5*b**4/12 + b**3/2 + 2*b**2 + b + 2. Let d(a) be the first derivative of j(a). Calculate d(4).
0
Let k(s) be the second derivative of s**3/2 - 3*s**2 - 21*s. Give k(6).
12
Let j be (-8)/16*2*1. Let a(d) = 2*d**3 + d**2 + 8*d + 1. Let r(b) = 4*b**3 + 2*b**2 + 17*b + 2. Let o(p) = 13*a(p) - 6*r(p). What is o(j)?
-2
Let b(n) be the first derivative of -n**3/3 - 3*n**2 + 4*n - 22. Determine b(-6).
4
Let m(r) = 5*r + 5 - 3 - 2 + 2*r**2 + 2. Let x be m(-3). Let a(f) = 3 + 0 - 2*f - x + 4. Determine a(-4).
10
Let v(u) be the third derivative of u**6/120 - 7*u**5/60 + u**4/4 + 5*u**3/6 + 22*u**2. Calculate v(6).
5
Let w(n) be the second derivative of n**3 + 0 - 1/2*n**2 + 2*n. Calculate w(-1).
-7
Suppose 2*f + 4 = y - 3, -3*y = 3*f + 6. Let d(m) = -m - 4. Give d(f).
-1
Let g(x) = x**3 - 26*x**2 + 49*x - 21. Let k be g(24). Let u(n) = -2*n**2 - 2*n + 3. Determine u(k).
-21
Let k(d) be the second derivative of -17*d**5/20 + d**4/6 + d**3/3 + d**2/2 - 2*d. Give k(-1).
18
Let g(p) = -p**2 - 7*p + 8. Suppose -4*x = -2*f + 26, 0*f = -f - 1. Calculate g(x).
8
Let t(j) = -j**3 - j**2 - j - 1. Let v(y) = -y - 10. Let f be v(-9). Let m(z) = -z**3 - 6*z**2 - 5. Let c(d) = f*m(d) + 3*t(d). Calculate c(2).
-8
Let s be 28/(-8) + 3/(-6). Let b(c) be the second derivative of c**3/6 + c**2 - 5*c. What is b(s)?
-2
Let z(g) be the third derivative of -g**4/24 - 8*g**2. Calculate z(4).
-4
Suppose 7*y = 2*y - 4*p + 30, -4*y = p - 13. Let z be y/6 + 35/3. Suppose 0 = 5*i + u + z, 0 = 5*u + 6 - 21. Let l(n) = 2*n**2 + 2*n - 4. What is l(i)?
8
Let j(h) = -2 + 2*h + 1 - 6*h**2 - 3*h + 3*h**2. Let a = 11 - 13. Give j(a).
-11
Let f(y) = -2*y + 2. Suppose -b = 3*b - 8. Suppose -12 = -0*p - 4*p. Suppose -j - p*r - 2 = -9, 0 = 2*r - b. Determine f(j).
-6
Let j(r) = 16*r + 3. Let o(v) = 17*v + 4. Let q(d) = -5*j(d) + 4*o(d). Determine q(1).
-11
Let i(f) = -f**3 + 0*f + 3 + 0*f - 4*f + 5*f**2. Let d(c) = -2*c - 6. Let k be d(-8). Suppose -3*n + 8 = 4*u, n = -2*n - 2*u + k. Give i(n).
3
Let x(y) = 2*y - 2. Let s(d) = 2*d + 0*d - 4*d - 8. Let m be s(-6). Give x(m).
6
Suppose -4*o - 4*y = -32, 28 = -5*o - 4*y + 71. Let r = -11 + o. Let a(t) = -t**2 + t - 13. What is a(r)?
-13
Suppose -i + 6 = 4. Let x(v) = -8*v - 3 + 2*v + v**3 + 4*v**i - 3 + 5. Determine x(-5).
4
Let u(j) be the third derivative of j**6/120 - j**5/15 + j**4/24 + j**3/6 - 23*j**2. Calculate u(4).
5
Let c be 9*(4 + (-66)/18). Let h(p) = 5*p - 4. Calculate h(c).
11
Suppose -2*x - 5 = -3*x. Suppose 0 = -2*a + s - 13, 0 = x*s - 3*s - 6. Let w(i) = -i**2 - 3*i + 5. Give w(a).
-5
Suppose -5*f + 20 = 0, -x + 2*f - 17 = -3*f. Let b be (-4)/(-1) + (4 - x). Suppose 0 = -2*p - 3*p - b. Let w(l) = 6*l**2 - 1. Give w(p).
5
Let d(i) = -4*i**2 - 2*i - 7. Let g(f) = -f**2 - 1. Let o(h) = -d(h) + 5*g(h). Let r(j) be the first derivative of o(j). What is r(4)?
-6
Let w(i) = i - 7. Let r(g) be the first derivative of -g**2/2 + 17*g + 2. Let b be r(10). Determine w(b).
0
Let s(l) = l**2 + 8*l + 6. Let z = 9 - 1. Suppose 2*t = 2*k - 2, -t = 6*k - 10*k - z. Calculate s(t).
-10
Suppose 5*t - 7 - 13 = 0. Let h(b) be the third derivative of 7/24*b**t + 1/6*b**3 + b**2 + 0*b + 0. What is h(-1)?
-6
Let u = 12 - 8. Let r(l) = -l**2 + 6*l - 4. Let c be r(u). Let g(j) = 4*j**2 + 11*j - 2. Let n(t) = t**2 + t. Let d(y) = g(y) - 5*n(y). Calculate d(c).
6
Let l(t) = t**2 - 3*t. Let n(d) = 8*d - 1. Let o be n(2). Suppose -4*m = -5 - o. Determine l(m).
10
Suppose -8*d - 20 = -13*d. Let j(r) be the third derivative of r**6/120 - r**5/20 - 5*r**4/24 - r**3/3 + r**2. Calculate j(d).
-6
Let h(v) be the third derivative of v**4/8 - 7*v**3/6 - 8*v**2. What is h(6)?
11
Let r(q) = -2*q + 2. Let f be r(-7). Suppose -o - 3*o + f = 0. Let l(k) = -6 - o*k - k + 2*k. Determine l(-4).
6
Let i(p) = p. Suppose -3*o + 2*t = 2, -o + 26 = 4*o + 4*t. Suppose -2*c = o, -5*u = 2*c + 2 - 0. Determine i(u).
0
Suppose -a = 3 - 8. Suppose 4*l = -w + 5, -w + 0*w = -4*l - a. Let n(y) = y**2 - y + 5. Determine n(l).
5
Let s(f) = f**2. Let n = -14 - -16. What is s(n)?
4
Let d = -35 + 37. Let p(u) = -5*u**2 - 2*u + 2. Give p(d).
-22
Let x be 12/9*3/2. Let g(p) = p - 1. Let u(a) = 5*a - 6. Let d(c) = -4*g(c) + u(c). Give d(x).
0
Let q(o) = -3*o**3 + 3*o**2 + 248 - 5*o + 4*o**3 - 253. Calculate q(-4).
-1
Let n(j) be the third derivative of 0*j**3 + 1/60*j**6 + 0 + 0*j**4 + 4*j**2 - 1/60*j**5 + 0*j. Calculate n(1).
1
Let s(t) = -3*t**2 - 2*t + 2. Let i(a) = 7*a**2 + 2*a + 1. Let v be i(-1). Suppose -o = 3*z + 10, -o + 0*o - v = z. Give s(z).
-6
Let l(t) = t**3 + 2*t**2 - 2*t + 2. Let m be 4/((-8)/(-14)) - 1. Suppose 4 = -p + 2, -2*z = 5*p + m. Let b be (-1 + z)*(-6)/2. Determine l(b).
-1
Let s be 550/35 + 2/7. Suppose -4*